{"id":16,"date":"2023-04-09T08:16:54","date_gmt":"2023-04-09T08:16:54","guid":{"rendered":"http:\/\/www.duygubakir.com\/?page_id=16"},"modified":"2023-04-22T20:20:39","modified_gmt":"2023-04-22T20:20:39","slug":"sosyal-beceri-gelistirme-programi","status":"publish","type":"page","link":"https:\/\/www.duygubakir.com\/index.php\/sosyal-beceri-gelistirme-programi\/","title":{"rendered":"Sosyal Beceri Geli\u015ftirme Program\u0131"},"content":{"rendered":"\t\t<div data-elementor-type=\"wp-page\" data-elementor-id=\"16\" class=\"elementor elementor-16\">\n\t\t\t\t\t\t\t\t\t<section class=\"elementor-section elementor-top-section elementor-element elementor-element-a4dd9c7 elementor-section-boxed elementor-section-height-default elementor-section-height-default\" data-id=\"a4dd9c7\" data-element_type=\"section\">\n\t\t\t\t\t\t<div class=\"elementor-container elementor-column-gap-default\">\n\t\t\t\t\t<div class=\"elementor-column elementor-col-100 elementor-top-column elementor-element elementor-element-be0913a\" data-id=\"be0913a\" data-element_type=\"column\">\n\t\t\t<div class=\"elementor-widget-wrap elementor-element-populated\">\n\t\t\t\t\t\t\t\t<div class=\"elementor-element elementor-element-e7a7b43 elementor-widget elementor-widget-heading\" data-id=\"e7a7b43\" data-element_type=\"widget\" data-widget_type=\"heading.default\">\n\t\t\t\t<div class=\"elementor-widget-container\">\n\t\t\t<style>\/*! elementor - v3.12.1 - 02-04-2023 *\/\n.elementor-heading-title{padding:0;margin:0;line-height:1}.elementor-widget-heading .elementor-heading-title[class*=elementor-size-]>a{color:inherit;font-size:inherit;line-height:inherit}.elementor-widget-heading .elementor-heading-title.elementor-size-small{font-size:15px}.elementor-widget-heading .elementor-heading-title.elementor-size-medium{font-size:19px}.elementor-widget-heading .elementor-heading-title.elementor-size-large{font-size:29px}.elementor-widget-heading .elementor-heading-title.elementor-size-xl{font-size:39px}.elementor-widget-heading .elementor-heading-title.elementor-size-xxl{font-size:59px}<\/style><h2 class=\"elementor-heading-title elementor-size-default\">PEERS Sosyal Beceri Program\u0131<\/h2>\t\t<\/div>\n\t\t\t\t<\/div>\n\t\t\t\t\t<\/div>\n\t\t<\/div>\n\t\t\t\t\t\t\t<\/div>\n\t\t<\/section>\n\t\t\t\t<section class=\"elementor-section elementor-top-section elementor-element elementor-element-df410ef elementor-section-boxed elementor-section-height-default elementor-section-height-default\" data-id=\"df410ef\" data-element_type=\"section\">\n\t\t\t\t\t\t<div class=\"elementor-container elementor-column-gap-default\">\n\t\t\t\t\t<div class=\"elementor-column elementor-col-50 elementor-top-column elementor-element elementor-element-8043977\" data-id=\"8043977\" data-element_type=\"column\">\n\t\t\t<div class=\"elementor-widget-wrap elementor-element-populated\">\n\t\t\t\t\t\t\t\t<div class=\"elementor-element elementor-element-7789920 elementor-widget elementor-widget-image\" data-id=\"7789920\" data-element_type=\"widget\" data-widget_type=\"image.default\">\n\t\t\t\t<div class=\"elementor-widget-container\">\n\t\t\t<style>\/*! elementor - v3.12.1 - 02-04-2023 *\/\n.elementor-widget-image{text-align:center}.elementor-widget-image a{display:inline-block}.elementor-widget-image a img[src$=\".svg\"]{width:48px}.elementor-widget-image img{vertical-align:middle;display:inline-block}<\/style>\t\t\t\t\t\t\t\t\t\t\t\t<img loading=\"lazy\" decoding=\"async\" width=\"1024\" height=\"576\" src=\"https:\/\/www.duygubakir.com\/wp-content\/uploads\/2023\/04\/akran_zorbaligi_nedir_nasil_engellenir_evimdeki_psikolog_com_kapak-1024x576.png\" class=\"attachment-large size-large wp-image-160\" alt=\"\" srcset=\"https:\/\/www.duygubakir.com\/wp-content\/uploads\/2023\/04\/akran_zorbaligi_nedir_nasil_engellenir_evimdeki_psikolog_com_kapak-1024x576.png 1024w, https:\/\/www.duygubakir.com\/wp-content\/uploads\/2023\/04\/akran_zorbaligi_nedir_nasil_engellenir_evimdeki_psikolog_com_kapak-300x169.png 300w, https:\/\/www.duygubakir.com\/wp-content\/uploads\/2023\/04\/akran_zorbaligi_nedir_nasil_engellenir_evimdeki_psikolog_com_kapak-768x432.png 768w, https:\/\/www.duygubakir.com\/wp-content\/uploads\/2023\/04\/akran_zorbaligi_nedir_nasil_engellenir_evimdeki_psikolog_com_kapak.png 1281w\" sizes=\"(max-width: 1024px) 100vw, 1024px\" \/>\t\t\t\t\t\t\t\t\t\t\t\t\t\t\t<\/div>\n\t\t\t\t<\/div>\n\t\t\t\t\t<\/div>\n\t\t<\/div>\n\t\t\t\t<div class=\"elementor-column elementor-col-50 elementor-top-column elementor-element elementor-element-fa8bcc9\" data-id=\"fa8bcc9\" data-element_type=\"column\">\n\t\t\t<div class=\"elementor-widget-wrap elementor-element-populated\">\n\t\t\t\t\t\t\t\t<div class=\"elementor-element elementor-element-6be003f elementor-widget elementor-widget-text-editor\" data-id=\"6be003f\" data-element_type=\"widget\" data-widget_type=\"text-editor.default\">\n\t\t\t\t<div class=\"elementor-widget-container\">\n\t\t\t<style>\/*! elementor - v3.12.1 - 02-04-2023 *\/\n.elementor-widget-text-editor.elementor-drop-cap-view-stacked .elementor-drop-cap{background-color:#69727d;color:#fff}.elementor-widget-text-editor.elementor-drop-cap-view-framed .elementor-drop-cap{color:#69727d;border:3px solid;background-color:transparent}.elementor-widget-text-editor:not(.elementor-drop-cap-view-default) .elementor-drop-cap{margin-top:8px}.elementor-widget-text-editor:not(.elementor-drop-cap-view-default) .elementor-drop-cap-letter{width:1em;height:1em}.elementor-widget-text-editor .elementor-drop-cap{float:left;text-align:center;line-height:1;font-size:50px}.elementor-widget-text-editor .elementor-drop-cap-letter{display:inline-block}<\/style>\t\t\t\t<p><span style=\"color: rgb(0, 0, 0); font-family: -apple-system, BlinkMacSystemFont, &quot;Segoe UI&quot;, Roboto, Helvetica, Arial, sans-serif; font-size: 14px; background-color: rgb(255, 255, 255);\">PEERS Sosyal beceri e\u011fitiminde;<\/span><\/p>\n<p><span style=\"color: rgb(0, 0, 0); font-family: -apple-system, BlinkMacSystemFont, &quot;Segoe UI&quot;, Roboto, Helvetica, Arial, sans-serif; font-size: 14px; background-color: rgb(255, 255, 255);\">-Kar\u015f\u0131l\u0131kl\u0131 konu\u015fma<\/span><\/p>\n<p><span style=\"background-color: rgb(255, 255, 255); color: rgb(0, 0, 0); font-family: -apple-system, BlinkMacSystemFont, &quot;Segoe UI&quot;, Roboto, Helvetica, Arial, sans-serif; font-size: 14px;\">-Sohbet a\u00e7ma, dahil olma, s\u00fcrd\u00fcrme<\/span><\/p>\n<p><span style=\"color: rgb(0, 0, 0); font-family: -apple-system, BlinkMacSystemFont, &quot;Segoe UI&quot;, Roboto, Helvetica, Arial, sans-serif; font-size: 14px; background-color: rgb(255, 255, 255);\">-Oyun kurma, dahil olma, s\u00fcrd\u00fcrme<\/span><br style=\"color: rgb(0, 0, 0); font-family: -apple-system, BlinkMacSystemFont, &quot;Segoe UI&quot;, Roboto, Helvetica, Arial, sans-serif; font-size: 14px; background-color: rgb(255, 255, 255);\"><span style=\"color: rgb(0, 0, 0); font-family: -apple-system, BlinkMacSystemFont, &quot;Segoe UI&quot;, Roboto, Helvetica, Arial, sans-serif; font-size: 14px; background-color: rgb(255, 255, 255);\">-Uygun arkada\u015flar bulma<\/span><br style=\"color: rgb(0, 0, 0); font-family: -apple-system, BlinkMacSystemFont, &quot;Segoe UI&quot;, Roboto, Helvetica, Arial, sans-serif; font-size: 14px; background-color: rgb(255, 255, 255);\"><span style=\"color: rgb(0, 0, 0); font-family: -apple-system, BlinkMacSystemFont, &quot;Segoe UI&quot;, Roboto, Helvetica, Arial, sans-serif; font-size: 14px; background-color: rgb(255, 255, 255);\">-Arkada\u015fl\u0131k kurma ve s\u00fcrd\u00fcrme<\/span><br style=\"color: rgb(0, 0, 0); font-family: -apple-system, BlinkMacSystemFont, &quot;Segoe UI&quot;, Roboto, Helvetica, Arial, sans-serif; font-size: 14px; background-color: rgb(255, 255, 255);\"><span style=\"color: rgb(0, 0, 0); font-family: -apple-system, BlinkMacSystemFont, &quot;Segoe UI&quot;, Roboto, Helvetica, Arial, sans-serif; font-size: 14px; background-color: rgb(255, 255, 255);\">-Sata\u015fmalarla, zorbal\u0131kla ve d\u0131\u015flanma ile ba\u015f edebilme stratejilerini \u00f6\u011frenme<\/span><br style=\"color: rgb(0, 0, 0); font-family: -apple-system, BlinkMacSystemFont, &quot;Segoe UI&quot;, Roboto, Helvetica, Arial, sans-serif; font-size: 14px; background-color: rgb(255, 255, 255);\"><span style=\"color: rgb(0, 0, 0); font-family: -apple-system, BlinkMacSystemFont, &quot;Segoe UI&quot;, Roboto, Helvetica, Arial, sans-serif; font-size: 14px; background-color: rgb(255, 255, 255);\">-Tart\u0131\u015fmalar\u0131 y\u00f6netebilme<\/span><br style=\"color: rgb(0, 0, 0); font-family: -apple-system, BlinkMacSystemFont, &quot;Segoe UI&quot;, Roboto, Helvetica, Arial, sans-serif; font-size: 14px; background-color: rgb(255, 255, 255);\"><span style=\"color: rgb(0, 0, 0); font-family: -apple-system, BlinkMacSystemFont, &quot;Segoe UI&quot;, Roboto, Helvetica, Arial, sans-serif; font-size: 14px; background-color: rgb(255, 255, 255);\">-Akran bulu\u015fmalar\u0131n\u0131 y\u00f6netebilme<\/span><br style=\"color: rgb(0, 0, 0); font-family: -apple-system, BlinkMacSystemFont, &quot;Segoe UI&quot;, Roboto, Helvetica, Arial, sans-serif; font-size: 14px; background-color: rgb(255, 255, 255);\"><span style=\"color: rgb(0, 0, 0); font-family: -apple-system, BlinkMacSystemFont, &quot;Segoe UI&quot;, Roboto, Helvetica, Arial, sans-serif; font-size: 14px; background-color: rgb(255, 255, 255);\">-Mizah\u0131 uygun kullanma<\/span><br style=\"color: rgb(0, 0, 0); font-family: -apple-system, BlinkMacSystemFont, &quot;Segoe UI&quot;, Roboto, Helvetica, Arial, sans-serif; font-size: 14px; background-color: rgb(255, 255, 255);\"><span style=\"color: rgb(0, 0, 0); font-family: -apple-system, BlinkMacSystemFont, &quot;Segoe UI&quot;, Roboto, Helvetica, Arial, sans-serif; font-size: 14px; background-color: rgb(255, 255, 255);\">-Sportmen davran\u0131\u015flar sergileyebilme gibi beceriler \u00fczerine \u00e7al\u0131\u015facaklard\u0131r.<\/span><br style=\"color: rgb(0, 0, 0); font-family: -apple-system, BlinkMacSystemFont, &quot;Segoe UI&quot;, Roboto, Helvetica, Arial, sans-serif; font-size: 14px; background-color: rgb(255, 255, 255);\"><\/p>\t\t\t\t\t\t<\/div>\n\t\t\t\t<\/div>\n\t\t\t\t\t<\/div>\n\t\t<\/div>\n\t\t\t\t\t\t\t<\/div>\n\t\t<\/section>\n\t\t\t\t<section class=\"elementor-section elementor-top-section elementor-element elementor-element-e167751 elementor-section-boxed elementor-section-height-default elementor-section-height-default\" data-id=\"e167751\" data-element_type=\"section\">\n\t\t\t\t\t\t<div class=\"elementor-container elementor-column-gap-default\">\n\t\t\t\t\t<div class=\"elementor-column elementor-col-100 elementor-top-column elementor-element elementor-element-868cffd\" data-id=\"868cffd\" data-element_type=\"column\">\n\t\t\t<div class=\"elementor-widget-wrap elementor-element-populated\">\n\t\t\t\t\t\t\t\t<div class=\"elementor-element elementor-element-a867b27 elementor-widget elementor-widget-text-editor\" data-id=\"a867b27\" data-element_type=\"widget\" data-widget_type=\"text-editor.default\">\n\t\t\t\t<div class=\"elementor-widget-container\">\n\t\t\t\t\t\t\t<p><span style=\"color: rgb(0, 0, 0); font-family: -apple-system, BlinkMacSystemFont, &quot;Segoe UI&quot;, Roboto, Helvetica, Arial, sans-serif; font-size: 14px; background-color: rgb(255, 255, 255);\">Peers sosyal beceri program\u0131 ile ebeveynler de \u00e7ocuklar\u0131n\u0131n becerilerini geli\u015ftirebilir, grup d\u0131\u015f\u0131nda&nbsp;<\/span><span style=\"color: rgb(0, 0, 0); font-family: -apple-system, BlinkMacSystemFont, &quot;Segoe UI&quot;, Roboto, Helvetica, Arial, sans-serif; font-size: 14px; background-color: rgb(255, 255, 255);\">onlara nas\u0131l ko\u00e7luk edebileceklerini \u00f6\u011frenirler.&nbsp;<\/span><span style=\"color: rgb(0, 0, 0); font-family: -apple-system, BlinkMacSystemFont, &quot;Segoe UI&quot;, Roboto, Helvetica, Arial, sans-serif; font-size: 14px; background-color: rgb(255, 255, 255);\">\u00c7ocuklar oturumlarda teorik ve pratik beceri e\u011fitimi al\u0131rlar. Beceri e\u011fitiminden sonra rol de\u011fi\u015ftirme ve canland\u0131rmalar ile \u00f6\u011frendikleri<\/span><br style=\"color: rgb(0, 0, 0); font-family: -apple-system, BlinkMacSystemFont, &quot;Segoe UI&quot;, Roboto, Helvetica, Arial, sans-serif; font-size: 14px; background-color: rgb(255, 255, 255);\"><span style=\"color: rgb(0, 0, 0); font-family: -apple-system, BlinkMacSystemFont, &quot;Segoe UI&quot;, Roboto, Helvetica, Arial, sans-serif; font-size: 14px; background-color: rgb(255, 255, 255);\">becerileri sosyal ortamda peki\u015ftirme \u015fans\u0131 yakalayacaklard\u0131r. Her hafta eve \u00f6devler g\u00f6nderilir. \u00d6devler ile ama\u00e7lanan \u00f6\u011frenilen becerilerin grup d\u0131\u015f\u0131 ortamda pratik&nbsp;<\/span><span style=\"color: rgb(0, 0, 0); font-family: -apple-system, BlinkMacSystemFont, &quot;Segoe UI&quot;, Roboto, Helvetica, Arial, sans-serif; font-size: 14px; background-color: rgb(255, 255, 255);\">edilebilmesini sa\u011flamakt\u0131r.<\/span><br><\/p>\t\t\t\t\t\t<\/div>\n\t\t\t\t<\/div>\n\t\t\t\t\t<\/div>\n\t\t<\/div>\n\t\t\t\t\t\t\t<\/div>\n\t\t<\/section>\n\t\t\t\t<section class=\"elementor-section elementor-top-section elementor-element elementor-element-b9ac24b elementor-section-boxed elementor-section-height-default elementor-section-height-default\" data-id=\"b9ac24b\" data-element_type=\"section\">\n\t\t\t\t\t\t<div class=\"elementor-container elementor-column-gap-default\">\n\t\t\t\t\t<div class=\"elementor-column elementor-col-50 elementor-top-column elementor-element elementor-element-f4a32f9\" data-id=\"f4a32f9\" data-element_type=\"column\">\n\t\t\t<div class=\"elementor-widget-wrap elementor-element-populated\">\n\t\t\t\t\t\t\t\t<div class=\"elementor-element elementor-element-fd11c38 elementor-widget elementor-widget-image\" data-id=\"fd11c38\" data-element_type=\"widget\" data-widget_type=\"image.default\">\n\t\t\t\t<div class=\"elementor-widget-container\">\n\t\t\t\t\t\t\t\t\t\t\t\t\t\t\t<img loading=\"lazy\" decoding=\"async\" width=\"1024\" height=\"1017\" src=\"https:\/\/www.duygubakir.com\/wp-content\/uploads\/2023\/04\/IMG-20230422-WA0089-1-1024x1017.jpg\" class=\"attachment-large size-large wp-image-250\" alt=\"\" srcset=\"https:\/\/www.duygubakir.com\/wp-content\/uploads\/2023\/04\/IMG-20230422-WA0089-1-1024x1017.jpg 1024w, https:\/\/www.duygubakir.com\/wp-content\/uploads\/2023\/04\/IMG-20230422-WA0089-1-300x298.jpg 300w, https:\/\/www.duygubakir.com\/wp-content\/uploads\/2023\/04\/IMG-20230422-WA0089-1-150x150.jpg 150w, https:\/\/www.duygubakir.com\/wp-content\/uploads\/2023\/04\/IMG-20230422-WA0089-1-768x763.jpg 768w, https:\/\/www.duygubakir.com\/wp-content\/uploads\/2023\/04\/IMG-20230422-WA0089-1.jpg 1080w\" sizes=\"(max-width: 1024px) 100vw, 1024px\" \/>\t\t\t\t\t\t\t\t\t\t\t\t\t\t\t<\/div>\n\t\t\t\t<\/div>\n\t\t\t\t\t<\/div>\n\t\t<\/div>\n\t\t\t\t<div class=\"elementor-column elementor-col-50 elementor-top-column elementor-element elementor-element-1e2b35a\" data-id=\"1e2b35a\" data-element_type=\"column\">\n\t\t\t<div class=\"elementor-widget-wrap elementor-element-populated\">\n\t\t\t\t\t\t\t\t<div class=\"elementor-element elementor-element-40b427d elementor-widget elementor-widget-image\" data-id=\"40b427d\" data-element_type=\"widget\" data-widget_type=\"image.default\">\n\t\t\t\t<div class=\"elementor-widget-container\">\n\t\t\t\t\t\t\t\t\t\t\t\t\t\t\t<img loading=\"lazy\" decoding=\"async\" width=\"1024\" height=\"1015\" src=\"https:\/\/www.duygubakir.com\/wp-content\/uploads\/2023\/04\/IMG-20230422-WA0090-1-1024x1015.jpg\" class=\"attachment-large size-large wp-image-251\" alt=\"\" srcset=\"https:\/\/www.duygubakir.com\/wp-content\/uploads\/2023\/04\/IMG-20230422-WA0090-1-1024x1015.jpg 1024w, https:\/\/www.duygubakir.com\/wp-content\/uploads\/2023\/04\/IMG-20230422-WA0090-1-300x297.jpg 300w, https:\/\/www.duygubakir.com\/wp-content\/uploads\/2023\/04\/IMG-20230422-WA0090-1-150x150.jpg 150w, https:\/\/www.duygubakir.com\/wp-content\/uploads\/2023\/04\/IMG-20230422-WA0090-1-768x761.jpg 768w, https:\/\/www.duygubakir.com\/wp-content\/uploads\/2023\/04\/IMG-20230422-WA0090-1.jpg 1079w\" sizes=\"(max-width: 1024px) 100vw, 1024px\" \/>\t\t\t\t\t\t\t\t\t\t\t\t\t\t\t<\/div>\n\t\t\t\t<\/div>\n\t\t\t\t\t<\/div>\n\t\t<\/div>\n\t\t\t\t\t\t\t<\/div>\n\t\t<\/section>\n\t\t\t\t\t\t\t<\/div>\n\t\t","protected":false},"excerpt":{"rendered":"<p>PEERS Sosyal Beceri Program\u0131 PEERS Sosyal beceri e\u011fitiminde; -Kar\u015f\u0131l\u0131kl\u0131 konu\u015fma -Sohbet a\u00e7ma, dahil olma, s\u00fcrd\u00fcrme -Oyun kurma, dahil olma, s\u00fcrd\u00fcrme-Uygun arkada\u015flar bulma-Arkada\u015fl\u0131k kurma ve s\u00fcrd\u00fcrme-Sata\u015fmalarla, zorbal\u0131kla ve d\u0131\u015flanma ile ba\u015f edebilme stratejilerini \u00f6\u011frenme-Tart\u0131\u015fmalar\u0131 y\u00f6netebilme-Akran bulu\u015fmalar\u0131n\u0131 y\u00f6netebilme-Mizah\u0131 uygun kullanma-Sportmen davran\u0131\u015flar sergileyebilme gibi beceriler \u00fczerine \u00e7al\u0131\u015facaklard\u0131r. Peers sosyal beceri program\u0131 ile ebeveynler de \u00e7ocuklar\u0131n\u0131n becerilerini geli\u015ftirebilir, grup [&hellip;]<\/p>\n","protected":false},"author":1,"featured_media":0,"parent":0,"menu_order":0,"comment_status":"closed","ping_status":"closed","template":"","meta":{"saved_in_kubio":false,"_joinchat":[],"footnotes":""},"class_list":["post-16","page","type-page","status-publish","hentry"],"kubio_ai_page_context":{"short_desc":"","purpose":"general"},"_links":{"self":[{"href":"https:\/\/www.duygubakir.com\/index.php\/wp-json\/wp\/v2\/pages\/16","targetHints":{"allow":["GET"]}}],"collection":[{"href":"https:\/\/www.duygubakir.com\/index.php\/wp-json\/wp\/v2\/pages"}],"about":[{"href":"https:\/\/www.duygubakir.com\/index.php\/wp-json\/wp\/v2\/types\/page"}],"author":[{"embeddable":true,"href":"https:\/\/www.duygubakir.com\/index.php\/wp-json\/wp\/v2\/users\/1"}],"replies":[{"embeddable":true,"href":"https:\/\/www.duygubakir.com\/index.php\/wp-json\/wp\/v2\/comments?post=16"}],"version-history":[{"count":13,"href":"https:\/\/www.duygubakir.com\/index.php\/wp-json\/wp\/v2\/pages\/16\/revisions"}],"predecessor-version":[{"id":260,"href":"https:\/\/www.duygubakir.com\/index.php\/wp-json\/wp\/v2\/pages\/16\/revisions\/260"}],"wp:attachment":[{"href":"https:\/\/www.duygubakir.com\/index.php\/wp-json\/wp\/v2\/media?parent=16"}],"curies":[{"name":"wp","href":"https:\/\/api.w.org\/{rel}","templated":true}]}}